8404 is divided by 471?
397
Calculate the remainder when 357567 is divided by 119186.
9
Calculate the remainder when 151959 is divided by 655.
654
Calculate the remainder when 198939 is divided by 158.
17
What is the remainder when 4210 is divided by 1771?
668
What is the remainder when 83156 is divided by 133?
31
What is the remainder when 4426 is divided by 154?
114
What is the remainder when 5375 is divided by 70?
55
What is the remainder when 108587 is divided by 356?
7
What is the remainder when 801 is divided by 799?
2
Calculate the remainder when 7421 is divided by 674.
7
Calculate the remainder when 7666 is divided by 306.
16
What is the remainder when 3848 is divided by 117?
104
Calculate the remainder when 1990 is divided by 412.
342
Calculate the remainder when 8533 is divided by 4263.
7
Calculate the remainder when 2977 is divided by 190.
127
What is the remainder when 166073 is divided by 3075?
23
Calculate the remainder when 81976 is divided by 921.
7
Calculate the remainder when 28109 is divided by 7023.
17
What is the remainder when 21088 is divided by 5?
3
What is the remainder when 21880 is divided by 33?
1
Calculate the remainder when 639097 is divided by 770.
767
What is the remainder when 11704 is divided by 198?
22
Calculate the remainder when 33297 is divided by 100.
97
What is the remainder when 77606 is divided by 185?
91
Calculate the remainder when 16211 is divided by 18.
11
What is the remainder when 3834 is divided by 577?
372
What is the remainder when 17362 is divided by 782?
158
What is the remainder when 2592 is divided by 61?
30
Calculate the remainder when 26113 is divided by 47.
28
What is the remainder when 14286 is divided by 153?
57
Calculate the remainder when 7308 is divided by 271.
262
What is the remainder when 58768 is divided by 6525?
43
What is the remainder when 22070 is divided by 6?
2
What is the remainder when 6959 is divided by 182?
43
What is the remainder when 124193 is divided by 129?
95
What is the remainder when 77747 is divided by 418?
417
What is the remainder when 26186 is divided by 3259?
114
What is the remainder when 47841 is divided by 563?
549
Calculate the remainder when 12930 is divided by 401.
98
What is the remainder when 6404 is divided by 26?
8
What is the remainder when 32250 is divided by 2931?
9
Calculate the remainder when 11791 is divided by 1495.
1326
Calculate the remainder when 1194619 is divided by 143.
140
What is the remainder when 1696 is divided by 497?
205
Calculate the remainder when 106466 is divided by 755.
11
What is the remainder when 1984398 is divided by 16?
14
Calculate the remainder when 20799 is divided by 1599.
12
What is the remainder when 11051 is divided by 1004?
7
What is the remainder when 452 is divided by 65?
62
What is the remainder when 15251 is divided by 15231?
20
Calculate the remainder when 1551 is divided by 1515.
36
Calculate the remainder when 3921 is divided by 215.
51
What is the remainder when 3444 is divided by 296?
188
Calculate the remainder when 38243 is divided by 361.
338
Calculate the remainder when 279821 is divided by 1201.
1189
What is the remainder when 1039 is divided by 557?
482
Calculate the remainder when 6120 is divided by 1863.
531
Calculate the remainder when 32096 is divided by 92.
80
Calculate the remainder when 1605 is divided by 690.
225
What is the remainder when 374705 is divided by 97?
91
What is the remainder when 6230 is divided by 254?
134
Calculate the remainder when 18050 is divided by 831.
599
Calculate the remainder when 531320 is divided by 130.
10
Calculate the remainder when 86840 is divided by 201.
8
What is the remainder when 11396 is divided by 203?
28
Calculate the remainder when 2514 is divided by 10.
4
Calculate the remainder when 4008 is divided by 237.
216
What is the remainder when 57687 is divided by 296?
263
Calculate the remainder when 540649 is divided by 937.
0
What is the remainder when 14008 is divided by 882?
778
What is the remainder when 790 is divided by 84?
34
Calculate the remainder when 12509 is divided by 871.
315
Calculate the remainder when 671033 is divided by 1229.
1228
What is the remainder when 2523 is divided by 419?
9
What is the remainder when 5473 is divided by 1816?
25
Calculate the remainder when 25884 is divided by 983.
326
Calculate the remainder when 37946 is divided by 150.
146
What is the remainder when 59846 is divided by 36?
14
What is the remainder when 17578 is divided by 115?
98
What is the remainder when 5500 is divided by 2748?
4
What is the remainder when 10179 is divided by 106?
3
Calculate the remainder when 429275 is divided by 498.
497
What is the remainder when 284014 is divided by 16?
14
Calculate the remainder when 19993 is divided by 6663.
4
What is the remainder when 30731 is divided by 30678?
53
What is the remainder when 218656 is divided by 23?
18
What is the remainder when 25589 is divided by 237?
230
Calculate the remainder when 3550 is divided by 335.
200
Calculate the remainder when 157880 is divided by 1902.
14
What is the remainder when 4559 is divided by 240?
239
Calculate the remainder when 145280 is divided by 777.
758
Calculate the remainder when 21540 is divided by 798.
792
What is the remainder when 19394 is divided by 9520?
354
What is the remainder when 588 is divided by 174?
66
What is the remainder when 206692 is divided by 617?
614
Calculate the remainder when 34150 is divided by 657.
643
What is the remainder when 1238 is divided by 39?
29
Calculate the remainder when 3069 is divided by 41.
35
What is the remainder when 42275 is divided by 137?
79
What is the remainder when 217621 is divided by 1303?
20
What is the remainder when 32736 is divided by 1053?
93
What is the remainder when 3915567 is divided by 101?
100
Calculate the remainder when 235536 is divided by 29.
27
Calculate the remainder when 132285 is divided by 689.
686
What is the remainder when 6865 is divided by 1118?
157
What is the remainder when 590134 is divided by 36883?
6
What is the remainder when 60878 is divided by 6?
2
Calculate the remainder when 157896 is divided by 78938.
20
Calculate the remainder when 2529 is divided by 208.
33
What is the remainder when 163876 is divided by 68?
64
What is the remainder when 16663 is divided by 790?
73
What is the remainder when 6911 is divided by 2292?
35
Calculate the remainder when 323 is divided by 307.
16
Calculate the remainder when 6082 is divided by 145.
137
What is the remainder when 6726 is divided by 748?
742
What is the remainder when 257365 is divided by 373?
368
What is the remainder when 721 is divided by 47?
16
What is the remainder when 36664 is divided by 189?
187
Calculate the remainder when 806868 is divided by 1166.
1162
Calculate the remainder when 3287 is divided by 407.
31
Calculate the remainder when 186200 is divided by 2516.
16
Calculate the remainder when 432008 is divided by 104.
96
What is the remainder when 730 is divided by 231?
37
What is the remainder when 23685 is divided by 29?
21
Calculate the remainder when 164229 is divided by 627.
582
Calculate the remainder when 4806 is divided by 165.
21
What is the remainder when 4041 is divided by 686?
611
Calculate the remainder when 42205 is divided by 23.
0
What is the remainder when 10278 is divided by 1462?
44
What is the remainder when 3176 is divided by 786?
32
Calculate the remainder when 51892 is divided by 10369.
47
Calculate the remainder when 48297 is divided by 229.
207
Calculate the remainder when 21330 is divided by 2666.
2
Calculate the remainder when 2859 is divided by 1424.
11
What is the remainder when 9222 is divided by 280?
262
What is the remainder when 7093 is divided by 90?
73
Calculate the remainder when 37634 is divided by 29.
21
What is the remainder when 1810 is divided by 475?
385
Calculate the remainder when 1059 is divided by 2.
1
Calculate the remainder when 1370966 is divided by 6.
2
Calculate the remainder when 76605 is divided by 1563.
18
Calculate the remainder when 57064 is divided by 7133.
0
What is the remainder when 38966 is divided by 1258?
1226
Calculate the remainder when 21075 is divided by 4212.
15
Calculate the remainder when 127 is divided by 53.
21
Calculate the remainder when 714 